 1097 is divided by 49.
19
What is the remainder when 3142 is divided by 12?
10
Calculate the remainder when 879 is divided by 222.
213
What is the remainder when 9727 is divided by 23?
21
What is the remainder when 98 is divided by 34?
30
Calculate the remainder when 292 is divided by 21.
19
What is the remainder when 337 is divided by 19?
14
What is the remainder when 34127 is divided by 14?
9
Calculate the remainder when 2394 is divided by 89.
80
What is the remainder when 117 is divided by 12?
9
What is the remainder when 20660 is divided by 97?
96
What is the remainder when 1259 is divided by 14?
13
Calculate the remainder when 765 is divided by 3.
0
What is the remainder when 201 is divided by 106?
95
Calculate the remainder when 423 is divided by 12.
3
What is the remainder when 106 is divided by 12?
10
Calculate the remainder when 588 is divided by 27.
21
What is the remainder when 25 is divided by 4?
1
Calculate the remainder when 796 is divided by 158.
6
Calculate the remainder when 460 is divided by 161.
138
Calculate the remainder when 62 is divided by 33.
29
What is the remainder when 231 is divided by 205?
26
What is the remainder when 176 is divided by 54?
14
What is the remainder when 1509 is divided by 375?
9
What is the remainder when 78 is divided by 15?
3
What is the remainder when 523 is divided by 35?
33
What is the remainder when 871 is divided by 89?
70
Calculate the remainder when 341 is divided by 38.
37
What is the remainder when 1075 is divided by 18?
13
What is the remainder when 81 is divided by 11?
4
Calculate the remainder when 28 is divided by 5.
3
What is the remainder when 11884 is divided by 21?
19
Calculate the remainder when 40 is divided by 24.
16
What is the remainder when 2160 is divided by 169?
132
What is the remainder when 9952 is divided by 262?
258
Calculate the remainder when 284 is divided by 15.
14
Calculate the remainder when 66 is divided by 14.
10
Calculate the remainder when 111 is divided by 57.
54
What is the remainder when 430 is divided by 55?
45
What is the remainder when 1121 is divided by 24?
17
What is the remainder when 1932 is divided by 102?
96
What is the remainder when 2771 is divided by 63?
62
What is the remainder when 109 is divided by 37?
35
Calculate the remainder when 185 is divided by 11.
9
What is the remainder when 2319 is divided by 4?
3
Calculate the remainder when 939 is divided by 157.
154
What is the remainder when 129 is divided by 19?
15
Calculate the remainder when 1087 is divided by 177.
25
Calculate the remainder when 494 is divided by 83.
79
What is the remainder when 1064 is divided by 41?
39
What is the remainder when 1177 is divided by 62?
61
What is the remainder when 327 is divided by 55?
52
What is the remainder when 349 is divided by 42?
13
What is the remainder when 922 is divided by 44?
42
Calculate the remainder when 143 is divided by 66.
11
Calculate the remainder when 4748 is divided by 12.
8
What is the remainder when 87 is divided by 44?
43
Calculate the remainder when 115 is divided by 42.
31
Calculate the remainder when 4632 is divided by 48.
24
Calculate the remainder when 397 is divided by 67.
62
Calculate the remainder when 5003 is divided by 18.
17
What is the remainder when 3971 is divided by 15?
11
Calculate the remainder when 3782 is divided by 471.
14
What is the remainder when 2419 is divided by 604?
3
What is the remainder when 4036 is divided by 20?
16
Calculate the remainder when 403 is divided by 89.
47
Calculate the remainder when 1204 is divided by 21.
7
What is the remainder when 1636 is divided by 21?
19
Calculate the remainder when 19927 is divided by 376.
375
Calculate the remainder when 88 is divided by 6.
4
What is the remainder when 354 is divided by 60?
54
Calculate the remainder when 240 is divided by 11.
9
Calculate the remainder when 5 is divided by 3.
2
Calculate the remainder when 335 is divided by 18.
11
What is the remainder when 96 is divided by 20?
16
Calculate the remainder when 6327 is divided by 288.
279
Calculate the remainder when 411 is divided by 9.
6
What is the remainder when 1567 is divided by 121?
115
What is the remainder when 5557 is divided by 10?
7
Calculate the remainder when 3 is divided by 2.
1
What is the remainder when 13853 is divided by 163?
161
What is the remainder when 482 is divided by 27?
23
Calculate the remainder when 582 is divided by 48.
6
Calculate the remainder when 473 is divided by 19.
17
Calculate the remainder when 71 is divided by 5.
1
Calculate the remainder when 158 is divided by 51.
5
Calculate the remainder when 1178 is divided by 588.
2
Calculate the remainder when 1128 is divided by 26.
10
What is the remainder when 581 is divided by 15?
11
Calculate the remainder when 783 is divided by 7.
6
What is the remainder when 459 is divided by 117?
108
What is the remainder when 68 is divided by 24?
20
Calculate the remainder when 1761 is divided by 4.
1
What is the remainder when 246 is divided by 60?
6
What is the remainder when 101 is divided by 19?
6
Calculate the remainder when 774 is divided by 7.
4
Calculate the remainder when 129 is divided by 12.
9
What is the remainder when 50 is divided by 12?
2
Calculate the remainder when 1138 is divided by 16.
2
Calculate the remainder when 5937 is divided by 55.
52
What is the remainder when 1383 is divided by 37?
14
What is the remainder when 271 is divided by 13?
11
Calculate the remainder when 140 is divided by 47.
46
Calculate the remainder when 38 is divided by 10.
8
Calculate the remainder when 129 is divided by 25.
4
What is the remainder when 3308 is divided by 94?
18
What is the remainder when 1726 is divided by 862?
2
What is the remainder when 22994 is divided by 377?
374
Calculate the remainder when 2729 is divided by 30.
29
Calculate the remainder when 481 is divided by 239.
3
Calculate the remainder when 91 is divided by 12.
7
Calculate the remainder when 65 is divided by 33.
32
What is the remainder when 412 is divided by 4?
0
Calculate the remainder when 2115 is divided by 705.
0
What is the remainder when 1003 is divided by 88?
35
What is the remainder when 67 is divided by 3?
1
What is the remainder when 423 is divided by 17?
15
Calculate the remainder when 58 is divided by 7.
2
What is the remainder when 223 is divided by 21?
13
What is the remainder when 9099 is divided by 10?
9
Calculate the remainder when 105 is divided by 66.
39
Calculate the remainder when 305 is divided by 71.
21
What is the remainder when 21 is divided by 12?
9
What is the remainder when 411 is divided by 46?
43
Calculate the remainder when 82 is divided by 7.
5
Calculate the remainder when 161 is divided by 24.
17
What is the remainder when 39 is divided by 18?
3
What is the remainder when 2927 is divided by 7?
1
What is the remainder when 34 is divided by 25?
9
What is the remainder when 3014 is divided by 378?
368
Calculate the remainder when 726 is divided by 39.
24
What is the remainder when 127 is divided by 90?
37
What is the remainder when 7954 is divided by 78?
76
What is the remainder when 5 is divided by 2?
1
What is the remainder when 3535 is divided by 15?
10
What is the remainder when 123 is divided by 46?
31
Calculate the remainder when 624 is divided by 39.
0
Calculate the remainder when 8046 is divided by 14.
10
What is the remainder when 7 is divided by 5?
2
Calculate the remainder when 481 is divided by 26.
13
Calculate the remainder when 2500 is divided by 501.
496
What is the remainder when 1373 is divided by 32?
29
What is the remainder when 1559 is divided by 3?
2
What is the remainder when 234 is divided by 30?
24
What is the remainder when 2282 is divided by 759?
5
What is the remainder when 91 is divided by 24?
19
What is the remainder when 75 is divided by 39?
36
Calculate the remainder when 118 is divided by 11.
8
Calculate the remainder when 189 is divided by 10.
9
What is the remainder when 1279 is divided by 418?
25
What is the remainder when 1937 is divided by 27?
20
Calculate the remainder when 346 is divided by 50.
46
What is the remainder when 442 is divided by 211?
20
Calculate the remainder when 269 is divided by 6.
5
Calculate the remainder when 166 is divided by 14.
12
Calculate the remainder 